112
-11221200212 (base 3) to base 2
-10111110010111010
What is -2413045 (base 6) in base 5?
-13021024
-1334031 (base 9) to base 12
-2b31a7
1434594 (base 11) to base 3
11122021022222
Convert -4caf24 (base 16) to base 14.
-94b696
Convert -1212100331 (base 4) to base 15.
-841a2
Convert -58968 (base 11) to base 15.
-1a2cb
What is 1997972 (base 10) in base 14?
3a01a4
-1333021200 (base 4) to base 5
-113131200
-b4a83b (base 14) to base 13
-1356c68
Convert 1b33b (base 15) to base 7.
515651
Convert -307563 (base 9) to base 5.
-21321322
5121422 (base 7) to base 11
387678
22685065 (base 9) to base 14
16750dc
What is 11122112222 (base 3) in base 8?
262611
Convert -38932 (base 11) to base 6.
-1105503
1211211102020 (base 3) to base 5
222341213
What is 64a96f (base 16) in base 4?
121022211233
What is 167685 (base 9) in base 4?
121122101
Convert fbd81 (base 16) to base 12.
418b69
Convert 2a30b (base 15) to base 3.
20220010102
Convert 42131543 (base 6) to base 7.
13261563
11aa501 (base 11) to base 12
84b236
What is -404112313 (base 6) in base 13?
-1581459
Convert 10095cb (base 14) to base 7.
121135244
34848 (base 10) to base 13
12b28
Convert -174442 (base 8) to base 6.
-1211134
-1480b2 (base 12) to base 8
-1243206
-220133321 (base 4) to base 16
-287f9
Convert -b01e (base 16) to base 6.
-544422
What is 1c56244 (base 13) in base 5?
4404014311
What is 41ba4b (base 13) in base 4?
11313321011
Convert -245f93 (base 16) to base 9.
-4432815
Convert 1432355 (base 8) to base 9.
678871
Convert -10232002 (base 5) to base 13.
-304b0
2133000333 (base 4) to base 13
19a601
Convert 7570 (base 12) to base 5.
403100
-979aa6 (base 11) to base 2
-101111110001001000011
Convert 12888a (base 11) to base 5.
22431142
-2404012 (base 6) to base 5
-13002123
Convert 1510646 (base 7) to base 5.
23020123
Convert 4656f8 (base 16) to base 14.
87dd44
Convert 50a794 (base 11) to base 9.
1478142
Convert 4a740 (base 11) to base 15.
16860
-4d536 (base 14) to base 3
-100200010112
-6825a2 (base 11) to base 13
-2c08b0
Convert -24366102 (base 8) to base 4.
-110132301002
3858052 (base 9) to base 2
1000000010000000110111
What is 103613 (base 8) in base 15?
a434
Convert -221725 (base 8) to base 13.
-2800b
Convert -151414 (base 10) to base 2.
-100100111101110110
Convert 1476146 (base 10) to base 12.
5b2302
5658b5 (base 12) to base 4
11100203021
What is 476138 (base 9) in base 8?
1057625
Convert 10150728 (base 9) to base 3.
100011200210222
-1320200120 (base 4) to base 2
-1111000100000011000
-6176 (base 8) to base 7
-12216
9aa0a (base 14) to base 12
16112a
334452133 (base 6) to base 8
27220471
10332870 (base 10) to base 11
5918269
-753a2 (base 11) to base 12
-53529
-16e13c (base 16) to base 12
-6038a4
Convert 20034313 (base 5) to base 9.
261632
What is -1460a (base 11) in base 6?
-235501
1131111 (base 4) to base 8
13525
11d74 (base 14) to base 13
16c30
c7969 (base 14) to base 7
4045262
-5574a (base 15) to base 8
-1022435
Convert 145aa0 (base 11) to base 5.
24240330
What is 4d661 (base 15) in base 4?
330200020
-17a308 (base 16) to base 6
-53111332
What is 26557730 (base 8) in base 9?
12176421
What is -100100001010111101 (base 2) in base 16?
-242bd
-4221122 (base 6) to base 8
-620352
Convert a9932 (base 13) to base 9.
517040
Convert 3202020 (base 8) to base 15.
11cb23
Convert -2313210110 (base 4) to base 6.
-24040552
1bdd09 (base 16) to base 14
357689
4094b3 (base 15) to base 9
5686716
What is -11322303332 (base 4) in base 16?
-17acfe
Convert -101024334 (base 6) to base 10.
-1729858
Convert -105552503 (base 6) to base 3.
-10200112001210
Convert -423453 (base 10) to base 15.
-85703
What is -324041031 (base 5) in base 8?
-5241162
What is 11142120 (base 5) in base 3?
12001201010
707932 (base 13) to base 4
21332222320
Convert -105ba1 (base 13) to base 11.
-242785
19d23 (base 14) to base 10
65691
What is 777322 (base 8) in base 12?
107642
211130103 (base 4) to base 2
100101011100010011
3b5b0 (base 13) to base 14
2c570
Convert 1431902 (base 13) to base 9.
13036038
107141 (base 9) to base 8
175416
40155333 (base 6) to base 5
242311314
3081583 (base 9) to base 7
20002503
Convert -794779 (base 10) to base 5.
-200413104
Convert -3961294 (base 10) to base 3.
-21110020212121
What is 20132230 (base 5) in base 13?
58701
What is -201001101 (base 3) in base 12?
-8054
What is 100101000010001111 (base 2) in base 12?
73953
Convert -11001111101110000000010 (base 2) to base 7.
-111566053
425360 (base 7) to base 15
16d8e
What is 41525552 (base 6) in base 13?
3344a8
Convert -21344144 (base 5) to base 8.
-547753
7d514 (base 14) to base 10
305582
Convert 211c (base 14) to base 7.
22435
Convert 4d8154 (base 15) to base 4.
32030322301
Convert -6a2b90 (base 13) to base 5.
-1121112423
53c5b1 (base 13) to base 2
111100000110101011101
-21013311313 (base 4) to base 6
-123131211
What is 21101012110 (base 3) in base 5?
14121333
Convert -b23ab5 (base 12) to base 2.
-1010101000000001101001
What is 446db3 (base 14) in base 11?
1348175
-11111000110000110110 (base 2) to base 13
-298a27
What is 314403214 (base 5) in base 15?
1b2ac4
27426122 (base 8) to base 15
81d9da
Convert -31012123300 (base 4) to base 13.
-9331b1
-374424 (base 9) to base 3
-102111110211
Convert 31323311013 (base 4) to base 5.
1413343220
-11111010110111 (base 2) to base 11
-11076
What is 240440311 (base 5) in base 7?
12265513
What is 18b1e (base 15) in base 14?
212b7
What is -1111530 (base 8) in base 7?
-2356145
Convert 38a902 (base 12) to base 7.
10625114
c4977 (base 15) to base 16
98221
What is -131552 (base 10) in base 11?
-8a923
Convert 54430 (base 12) to base 8.
331144
Convert c4ab (base 13) to base 5.
1332211
What is 123144133 (base 5) in base 3?
1010110221012
What is -1117035 (base 13) in base 11?
-2a60503
-36b8da (base 14) to base 3
-10112022021020
What is -221043004 (base 6) in base 11?
-2272a12
Convert 8c81ca (base 13) to base 8.
14551653
Convert 1431a49 (base 11) to base 4.
21121021022
3b717 (base 14) to base 3
21110101222
Convert 1501041 (base 8) to base 10.
426529
What is -10200011200001 (base 3) in base 8?
-7344424
-1422124314 (base 5) to base 15
-4d3a59
-484473 (base 13) to base 4
-12210231102
-144793 (base 11) to base 2
-110111001001100000
Convert -1323030 (base 4) to base 14.
-2c32
Convert 11100010100010110 (base 2) to base 16.
1c516
Convert 1210201232 (base 4) to base 10.
411758
Convert 134241401 (base 5) to base 4.
2222002130
1961a1 (base 11) to base 13
a703a
60752 (base 11) to base 4
111222232
-1353c7c (base 14) to base 8
-43515366
Convert 87813 (base 9) to base 5.
3331001
1a8bbc (base 13) to base 6
22255525
What is 5543332 (base 6) in base 13?
9978b
-26413 (base 16) to base 11
-a77a7
32065 (base 8) to base 2
11010000110101
What is -413ea3 (base 16) in base 14?
-7d4399
Convert 227042 (base 8) to base 9.
127080
Convert 10015343 (base 6) to base 11.
183230
1093616 (base 10) to base 5
234443431
134aaa (base 13) to base 5
104430334
What is 72742 (base 9) in base 14?
136bc
-443123032 (base 5) to base 4
-13112113302
What is -11100011001011001 (base 2) in base 11?
-7a42a
11044104 (base 6) to base 16
51388
What is -176420 (base 9) in base 12?
-53590
af668 (base 16) to base 5
140442230
What is -133020110 (base 4) in base 8?
-371024
What is -13310331021 (base 4) in base 3?
-10212020200210
4688a (base 12) to base 9
153647
18017a (base 12) to base 15
82e3d
Convert -223003022 (base 4) to base 15.
-373a5
-8749b3 (base 13) to base 15
-42c686
-1022200222 (base 3) to base 7
-135611
-2303156 (base 10) to base 16
-2324b4
What is -23623135 (base 7) in base 8?
-10022635
Convert 145865 (base 11) to base 8.
673755
What is 20110022011221 (base 3) in base 12?
1195507
2810022 (base 10) to base 2
1010101110000010100110
What is -10133132 (base 6) in base 3?
-112211222002
116932 (base 12) to base 13
9b042
Convert 351c0 (base 15) to base 9.
277030
Convert -d1609 (base 14) to base 10.
-503337
2878308 (base 9) to base 4
12003201110
Convert 983c (base 16) to base 6.
500232
Convert -829669 (base 11) to base 15.
-1b4330
-17948f (base 16) to base 11
-966062
-5bb08 (base 13) to base 2
-101001001110000111
Convert 1120122121022 (base 3) to base 12.
3459bb
What is 110020020022 (base 3) in base 12?
b7398
198205 (base 10) to base 14
52337
Convert -17631643 (base 8) to base 7.
-50130523
-1002100201